175/(-6))/(71/(-142))?
5, 19, 31
Let n be 5/5 + 16 - 1. Suppose -4*y = -2*c - 12, -3*y = y - n. Suppose -6*z = -z - 2*o - 82, -3*z - c*o + 62 = 0. What are the prime factors of z?
2, 3
Let b(x) = -3*x**2 + 146*x - 92. List the prime factors of b(31).
3, 11, 47
What are the prime factors of 673419/19 - (704/418)/16?
23, 67
Suppose 0 = -8*l + 6*l. Suppose -2*z + 108 - 88 = l. Suppose 0 = -4*s - 5*c + 607, -z*s + 7*s - c + 458 = 0. What are the prime factors of s?
3, 17
Suppose 5*w + 9 = s, -3*w + 21 = -16*s + 11*s. What are the prime factors of (-221)/(-6) + (-1)/s?
37
Let v be (-2)/8 + 187/44. Let j be ((-58)/v)/((-7)/(-14)). Let t = 83 + j. List the prime factors of t.
2, 3
Suppose 0 = -18*k + 89 + 163. Suppose k*y - 2*y = 1608. List the prime factors of y.
2, 67
Suppose 4*x + 4062 = 3*h - 1206, -3*h + 5268 = 3*x. What are the prime factors of h?
2, 439
Suppose 4*h - 8*h - g = -6924, -16 = -4*g. Suppose h = 4*b - 2274. What are the prime factors of b?
7, 11, 13
What are the prime factors of ((-4)/35)/((-1)/5)*(-309080366)/(-3196)?
2, 27631
Let y(w) = w**2 - 21*w - 30. Let a be y(23). Let h = 30 - a. Suppose -h = -j + 4. What are the prime factors of j?
2, 3
Suppose -11 = -4*z + 5*m - 4, 0 = -3*z - 4*m + 13. Suppose z*j = -46 + 556. List the prime factors of j.
2, 5, 17
Suppose -25*b + 29*b = 3*j + 19945, 1 = j. What are the prime factors of b?
4987
Let m be 1/((-3)/10)*(-3)/2. Suppose n + 1020 = -m*f - 3*n, -5*n = 0. Let w = f + 332. List the prime factors of w.
2
Let g = -79 + 73. Let o be (5 + g)*((-3)/3 + 11). List the prime factors of (-2114)/o + 39/65.
2, 53
Let p = 971 + -792. List the prime factors of p.
179
Suppose 253*d - 4*p + 3516 = 255*d, d - 1786 = 5*p. What are the prime factors of d?
2, 883
Suppose 0 = -2*i, -2*g - i = -0*i - 63940. What are the prime factors of g?
2, 5, 23, 139
Let l = 22 + -25. What are the prime factors of 155/(l/((-6)/2))?
5, 31
Let d = 5493 + -3678. What are the prime factors of d?
3, 5, 11
Let b be 0 - -2 - (-8)/(-12)*-3. Suppose -b*d + 2*q = -24, 2*d - 12 = -4*q + q. Suppose 5*m - s = -d*s + 75, 0 = -m + 2*s + 30. List the prime factors of m.
2, 5
Let q(v) = 9*v**3 - 3*v**2 - 2*v + 4. Let i be (3/6 - 1)*(-4 - 0). Let y be q(i). What are the prime factors of 2*(-1 - y/(-8)) - 2?
11
Suppose 638 - 16358 = 15*m. Let v = -590 - m. What are the prime factors of v?
2, 229
Let k be (-1)/((-5)/(-210)*2). List the prime factors of ((-502)/6)/(k/189).
3, 251
Let l be (-416)/12*(-22 - 2). Suppose 6*x - 7 = -2*h + 3*x, 4*x = 4. Suppose 6*s - h*s = l. List the prime factors of s.
2, 13
Let q = 64 + -69. Let z(s) = -4*s**3 + s**2 + 5*s + 7. List the prime factors of z(q).
3, 13
Let l(d) = d**3 - 14*d**2 + 11*d + 25. Let k be l(13). Let o be (148/(-2))/2 + k. Let b = o + 44. What are the prime factors of b?
2, 3
Let c = 8833 + 5037. List the prime factors of c.
2, 5, 19, 73
Let d(h) = -h**3 + 35*h**2 - 55*h - 157. What are the prime factors of d(19)?
2, 2287
Let l(n) = 106 - 25*n + 53*n - 19*n + 104*n + 52*n. List the prime factors of l(11).
17, 113
Suppose 11*u = 40481 - 8394. What are the prime factors of u?
2917
Let z = -248 - -3722. Let t = z + -1869. What are the prime factors of t?
3, 5, 107
Let x = -247 - -354. Let s = 75 - 139. Let r = x - s. What are the prime factors of r?
3, 19
Let d(y) be the first derivative of y**4/4 + 4*y**3 + y**2/2 + 16*y - 1. Suppose 143 = -747*p + 734*p. List the prime factors of d(p).
2, 3, 7
Suppose n - 2 = 0, 0 = 2*l - 4*l + 3*n - 12. Let h(c) = 15*c - 4. Let i(a) = a + 1. Let k(x) = -h(x) - 5*i(x). List the prime factors of k(l).
59
Let j = -4966 + 7197. Suppose j = 3*g - 2227. What are the prime factors of g?
2, 743
Let z(t) = 19*t**2 - 23*t - 20. Let c(s) = -57*s**2 + 71*s + 60. Let d(p) = -3*c(p) - 8*z(p). List the prime factors of d(-5).
2, 3, 5
Let b = -23707 - -60566. What are the prime factors of b?
29, 31, 41
Let l(k) = -k**2 - 29*k - 60. Let u be l(-27). Let a(z) = -29*z - 67. What are the prime factors of a(u)?
107
Let q = 198 + -198. Suppose -3*t + 3829 = 2*o + 2*o, 3*t - o - 3824 = q. List the prime factors of t.
3, 5, 17
Let f(s) = 16*s**2 - 6*s - 3. Suppose 137*y - 131*y - 54 = 0. List the prime factors of f(y).
3, 7, 59
Let s(b) = 2*b**3 - 10*b**2 + 5*b - 17. Let t be s(5). Let m be 465/27 + t/(-36). Suppose m*f - 15*f - 420 = 0. What are the prime factors of f?
2, 3, 5, 7
Let r(o) = 84*o**2 + 3*o - 4. Let u be r(4). Suppose 38*a = 30*a + u. List the prime factors of a.
13
Suppose 183 = -2*t - 75. Let n be ((-15)/(-9) - 1) + (-280)/6. Let g = n - t. What are the prime factors of g?
83
Let y(k) = -6568*k - 1495. List the prime factors of y(-4).
3, 2753
Let q(x) = 5*x + 125. Let k be q(0). Suppose 0 = w - 613 - k. What are the prime factors of w?
2, 3, 41
Suppose f = 3*r + 1204, 10 = -f - f. Let a = r - -751. What are the prime factors of a?
2, 3, 29
Let s(m) = -3*m - 26. Let z be s(-9). Let g be z/(-2) - (2414/(-4) - 3). List the prime factors of (14/(-6) - -1)/(-4)*g.
2, 101
Suppose c + 3 = 0, -5*c = 5*q - 7 + 97. Let n be (-3)/(-2)*(-40)/q. Suppose -8 = -i + 5*m, -2*m + n + 9 = 5*i. List the prime factors of i.
3
Suppose -3*g = -2*d - 11, -3 = 3*d - 0*d. Suppose 2141 = -g*c - 673. List the prime factors of c/(-4) + (-51)/34.
233
Let n(y) = 21 + 0*y - y - 5*y. Let c = -532 - -527. What are the prime factors of n(c)?
3, 17
Suppose -10185 = -480*x + 475*x. Suppose 3*l - 4*l = 2*b - 413, 5*l - 4*b - x = 0. List the prime factors of l.
409
Let x(h) = 2*h**2 - 12*h + 2. Suppose -34 = 2*m - 7*m - r, -2*m = 3*r - 24. Let c be x(m). Suppose -c*g + 8*g - 1020 = 0. List the prime factors of g.
2, 5, 17
Suppose -12 = -q - 3*d, 2*q - 3*d + 6 = d. Let z be ((-12)/8)/q*-24. Suppose 21*w = z*w + 117. What are the prime factors of w?
13
Let c(h) = 155*h + 669. What are the prime factors of c(27)?
2, 3, 809
Let u = 17 + -24. Let y be (-1486)/u - 18/63. Suppose -4*i - 2*p + y = -4*p, i - 53 = -p. List the prime factors of i.
53
Let z = 83 - 79. Let i be (13/4 - 2)*z. Suppose -i*l - 199 + 849 = 0. List the prime factors of l.
2, 5, 13
Suppose 68*v - 77*v + 5193 = 0. List the prime factors of v.
577
Suppose -93*o + 13*f - 181622 = -98*o, -5*o + 181574 = f. What are the prime factors of o?
2, 67, 271
Let y(a) = 1542*a**2 + 36*a - 42. What are the prime factors of y(-4)?
2, 3, 7, 11, 53
Suppose 83*m - 311162 - 1783919 = -520654. What are the prime factors of m?
3, 6323
Let k = -12786 + 19181. What are the prime factors of k?
5, 1279
Let o = 1046 - 553. Suppose -3*m = l - o, -127 = -m + 4*l + 20. Let j = m - -19. What are the prime factors of j?
2, 7, 13
Suppose 3*a + 5*l - 74936 = 0, -3*a + 4*l + 6743 + 68184 = 0. List the prime factors of a.
24977
Suppose -251296 + 30252 = -14*f + 138182. What are the prime factors of f?
3, 2851
Let d = -435 - -548. Suppose -101*g + d*g - 7944 = 0. What are the prime factors of g?
2, 331
Let a(w) = 2*w**2 - 148*w - 6324. What are the prime factors of a(-166)?
2, 3, 6113
Let l(w) = -15 + 13 - 5*w - 20 - 20. Suppose -t - 4*t = 80. List the prime factors of l(t).
2, 19
What are the prime factors of (8/16)/(-1 + 2336978/2336964)?
3, 43, 647
Let q(j) = 139*j**2 - 197*j - 5. What are the prime factors of q(-11)?
3, 19, 37
Let h(j) = 33*j - 2. Let p be h(-1). Let o = -28 - p. Suppose a - o - 102 = 0. What are the prime factors of a?
109
What are the prime factors of ((-2)/(8/28) + 3)/(88/(-351340))?
2, 5, 1597
Suppose -2*g - 1 = -3*h + 1, 4*g = -4*h - 24. What are the prime factors of (36/h)/(0 + 3/(-18))?
2, 3
Let z = -21 + 23. Suppose -4*c - a + 44 = -341, -2*a = -z. List the prime factors of c.
2, 3
Suppose 98*g = -51*g + 481751 + 2770323. List the prime factors of g.
2, 7, 1559
Let l(f) = f**2 + 9*f + 6. Let u(z) = z**2 + 10*z + 6. Let c(i) = 3*l(i) - 2*u(i). Let k be c(-6). Suppose -v + 36 - 2 = k. List the prime factors of v.
2, 17
Suppose -1018 = -2*q - 142. Let l = q + -276. Suppose -2*n + l = 5*j, -n + 3*j = -12 - 47. List the prime factors of n.
71
Let o be (-14)/(-21) + (-46)/(-3). Let r be (o/(-20))/(1/(-60)). Suppose -a + r = -0*a. List the prime factors of a.
2, 3
List the prime factors of 4*(-15)/120*-2762.
1381
What are the prime factors of -22 + 22 - 10*-498 - 2?
2, 19, 131
Let n be (-19 - -21) + 22/(-1). List the prime factors of (2/(-10)